r of 13426445 and 7156?
1789
What is the greatest common factor of 94 and 230649022?
94
What is the highest common divisor of 34957190 and 6110?
470
What is the highest common factor of 238419 and 583251?
1347
What is the highest common divisor of 57856 and 70011184?
1808
What is the highest common divisor of 112486702 and 1474?
134
What is the highest common divisor of 13345076 and 500?
4
Calculate the highest common factor of 138471826 and 313.
313
Calculate the greatest common factor of 1740 and 9538883.
29
Calculate the highest common factor of 74 and 160802962.
74
Calculate the highest common factor of 69459419 and 488.
61
Calculate the greatest common factor of 11871927 and 405.
81
What is the greatest common divisor of 52398 and 936774?
1278
Calculate the highest common divisor of 1054 and 1142978.
34
What is the highest common factor of 15468 and 63939556?
5156
Calculate the greatest common divisor of 4087791 and 2142.
9
What is the highest common factor of 284949 and 4725?
63
Calculate the greatest common factor of 659 and 930780167.
659
What is the greatest common divisor of 1953 and 1965555?
279
What is the greatest common factor of 78 and 1526499?
39
What is the highest common factor of 971532 and 342?
18
What is the highest common divisor of 192051916 and 28?
28
Calculate the greatest common factor of 77067504 and 9.
9
Calculate the highest common divisor of 3926 and 48854.
26
Calculate the highest common divisor of 11886 and 50036664.
1698
What is the greatest common divisor of 44 and 1135926?
22
What is the greatest common divisor of 2499557 and 805747?
1583
What is the greatest common factor of 5034 and 749586092?
1678
Calculate the highest common factor of 3 and 334532019.
3
Calculate the greatest common factor of 1444 and 3423724.
1444
What is the greatest common factor of 538101 and 8483?
17
What is the greatest common factor of 1153 and 54110290?
1153
Calculate the highest common divisor of 22365 and 435798.
639
Calculate the greatest common divisor of 764832087 and 138.
69
What is the highest common divisor of 190582 and 702?
2
Calculate the highest common divisor of 1241 and 35472744.
1241
Calculate the greatest common factor of 322008387 and 42609.
6087
Calculate the greatest common factor of 347149 and 3629.
19
What is the highest common divisor of 291 and 12948513?
3
Calculate the greatest common divisor of 102305 and 3557291.
2923
Calculate the highest common divisor of 966 and 71777020.
322
What is the highest common factor of 5359 and 264222?
233
Calculate the highest common divisor of 62748 and 32728892.
2324
Calculate the greatest common factor of 54005354 and 104.
26
What is the greatest common divisor of 152 and 4720949?
19
Calculate the highest common factor of 39800250 and 3000.
750
What is the highest common factor of 37479 and 32019?
39
What is the greatest common factor of 1098321 and 84?
21
What is the highest common divisor of 4981 and 3046321?
293
What is the highest common divisor of 2176 and 112808?
8
What is the greatest common factor of 72962 and 313622?
382
Calculate the greatest common factor of 15960 and 8946980.
140
What is the highest common factor of 1200 and 5319240?
120
What is the greatest common factor of 1586148 and 426?
6
Calculate the greatest common factor of 2401610 and 50690.
1370
What is the greatest common divisor of 430965 and 2827350?
2745
What is the highest common divisor of 1575 and 3976380?
45
Calculate the highest common factor of 596533 and 19313.
217
What is the highest common factor of 1295 and 79474705?
185
What is the greatest common factor of 9 and 43530687?
9
What is the greatest common factor of 6770695 and 25?
5
What is the highest common divisor of 391 and 1848280851?
391
Calculate the greatest common divisor of 5925483 and 546186.
6351
Calculate the greatest common divisor of 36270 and 3534930.
2790
What is the highest common factor of 18 and 349883271?
9
Calculate the greatest common factor of 532400 and 240.
80
What is the greatest common divisor of 409332 and 1092?
84
Calculate the highest common divisor of 6 and 868638.
6
What is the highest common factor of 413 and 156394?
7
Calculate the greatest common factor of 947295 and 16605.
405
What is the highest common divisor of 6517 and 20444209?
19
What is the greatest common divisor of 45 and 1590465?
15
What is the greatest common factor of 13105 and 741743?
2621
What is the highest common divisor of 32376 and 51813?
57
Calculate the highest common factor of 29392 and 23216.
16
Calculate the greatest common divisor of 426 and 620371659.
213
What is the greatest common divisor of 1598868 and 2944?
92
What is the greatest common divisor of 244176 and 16752?
48
Calculate the highest common factor of 9459 and 27864.
9
What is the greatest common factor of 276 and 784461?
69
Calculate the highest common factor of 155538061 and 21.
7
Calculate the greatest common factor of 2497968 and 5588.
44
Calculate the greatest common divisor of 237318 and 541902.
222
What is the greatest common factor of 2583 and 2843591121?
2583
What is the highest common divisor of 40 and 413048940?
20
Calculate the greatest common divisor of 201 and 27687281.
67
Calculate the greatest common factor of 2960401 and 197401.
307
What is the highest common divisor of 21849216 and 4726?
34
Calculate the greatest common divisor of 929313 and 331947.
693
Calculate the highest common divisor of 620419 and 11659.
89
Calculate the greatest common divisor of 53888 and 11367.
421
What is the highest common factor of 43372008 and 72?
72
What is the greatest common divisor of 2 and 8179568?
2
What is the greatest common divisor of 24870 and 37380?
30
What is the highest common factor of 6123 and 25213101?
471
What is the highest common divisor of 939663 and 792?
9
Calculate the highest common factor of 38922899 and 205.
41
Calculate the greatest common factor of 9901974 and 40494.
2382
What is the highest common divisor of 18009 and 224061975?
6003
What is the highest common factor of 3397619 and 14356?
97
What is the highest common factor of 1077469950 and 6920?
1730
What is the highest common factor of 14787 and 169225714?
1643
What is the greatest common divisor of 173625 and 5217375?
375
Calculate the highest common factor of 292820 and 20680.
220
What is the highest common divisor of 721485601 and 1783?
1783
Calculate the highest common divisor of 113269338 and 9.
9
What is the greatest common divisor of 5174 and 14199446?
398
Calculate the greatest common factor of 2181 and 181939020.
2181
What is the greatest common factor of 8616 and 77760118?
718
What is the greatest common factor of 10677240 and 17024?
1064
What is the highest common divisor of 1538502 and 23814?
294
What is the highest common factor of 8408192 and 992?
992
What is the highest common divisor of 45985 and 13855?
85
What is the greatest common divisor of 54 and 249256?
2
What is the greatest common factor of 41 and 123511229?
41
What is the greatest common factor of 94671931 and 118?
59
Calculate the highest common divisor of 784 and 36573824.
112
What is the greatest common divisor of 1539 and 1227069?
81
What is the greatest common divisor of 952 and 5554696?
56
Calculate the highest common factor of 2181403 and 1351.
7
Calculate the greatest common factor of 110580508 and 772.
772
Calculate the highest common divisor of 40124974 and 4540.
454
What is the greatest common divisor of 9744877 and 178?
89
Calculate the greatest common divisor of 63 and 515172.
21
Calculate the greatest common divisor of 58197 and 23085.
57
Calculate the greatest common factor of 40026552 and 24.
24
Calculate the highest common factor of 10952576 and 352.
32
Calculate the highest common divisor of 47940424 and 8.
8
What is the greatest common factor of 2222 and 64730193?
1111
Calculate the highest common factor of 398799 and 603.
9
Calculate the highest common divisor of 177617663 and 87.
29
Calculate the greatest common divisor of 258 and 1941078.
6
What is the highest common factor of 2335921 and 293895?
2177
Calculate the greatest common divisor of 2499629 and 236742.
187
What is the greatest common divisor of 60 and 95717720?
20
Calculate the highest common factor of 56 and 26322184.
56
Calcul